. Suppose 3*g - 380 = -n*k, 3*g = 2*g - 5. Suppose -3*d = -89 - k. What is the units digit of d?
6
Suppose 4*u - 107 - 60 = -5*k, -5*u = k - 46. What is the tens digit of k?
3
Let q = -231 - -237. Let v(c) = 101*c - 51. What is the units digit of v(q)?
5
Let n be 432 + (-5 - 1)/(14/7). Suppose 7*o - 2630 = n. What is the hundreds digit of o?
4
Suppose -136*l = 131*l - 235*l - 528064. What is the units digit of l?
2
Let r be (-1668)/(-8)*(5 - (-5 + 8)). Let y = r + -191. What is the tens digit of y?
2
Let t be (5/5)/(-7)*-7. Suppose -q = -19 - t. What is the tens digit of q?
2
What is the thousands digit of (1386/294)/(5/18095)?
7
Let z = -37636 - -73525. What is the thousands digit of z?
5
Let a be (-133)/(-38)*(13/7 + 1). Suppose 0 = -a*f + 6*f + 2*w + 1640, -3*w = -2*f + 828. What is the tens digit of f?
0
Let x = -24 - -57. Suppose x - 5 = 4*s. Suppose s*w = 175 + 329. What is the units digit of w?
2
Let y = -255 - -264. What is the hundreds digit of (-6)/y - 9826/(-6)?
6
Suppose 70*b - 74*b = -40. Suppose -17*h + 3157 = -b*h. What is the units digit of h?
1
Suppose -22*l - 132 = -24*l. Let v = 71 - l. Suppose 749 = v*y + 2*w, -5*y - 4*w + 0*w = -743. What is the hundreds digit of y?
1
Suppose -72838 + 70200 + 230248 = 10*t. What is the ten thousands digit of t?
2
Suppose 0 = -3*y, 3*l + 3*y = -0*y + 138. Suppose -b - 278 = 5*k, -k - 8*b - l = -3*b. Let j = 109 + k. What is the units digit of j?
3
Let x = -306 - -59787. What is the ten thousands digit of x?
5
Let y be 1*(-25)/(-10)*2. Suppose -u + m + 3 + 0 = 0, u - 3*m = y. Suppose -w - 6*b + b + 40 = 0, -u*w + 115 = 3*b. What is the units digit of w?
5
Let a(g) = g**3 - 12*g**2 - 3*g + 16. Let v be a(12). Let q be (30/8)/(-2 + (-35)/v). Let f = q + 187. What is the tens digit of f?
7
Let p = -8958 + 10141. What is the units digit of p?
3
Let r(d) = 2*d**2 - 3*d - 4. Let q = 84 + -80. Let f be r(q). Suppose -2*s + f + 30 = 0. What is the tens digit of s?
2
Let f(h) = 65*h - 514. Let j be f(6). Suppose 970 = -0*z + 5*z. Let p = j + z. What is the units digit of p?
0
Suppose h = 2*a + 2098, -8*h + 4*h + 8452 = 4*a. Suppose 23*x + h - 7950 = 0. What is the tens digit of x?
5
Suppose 5*x - 3668 = 4*m, 3*x - x - 5*m = 1474. Suppose -252 = -2*k + x. Suppose q + 2*j - 16 - 76 = 0, 5*q - k = -2*j. What is the units digit of q?
0
Suppose -12*t - 11 - 97 = 0. Let p(z) = z**2 - 2*z - 83. What is the units digit of p(t)?
6
Let u(f) = -25*f**2 - 87*f + 2. Let j be u(-3). Suppose -j*q + 45676 - 4484 = 0. What is the tens digit of q?
8
Suppose 0 = -5*w - 28 + 8. Let v be 6/w + 620/8. Suppose 4*z = 3*j + v, j - 114 = -8*z + 3*z. What is the tens digit of z?
2
Let i(n) = 5*n + 8*n + 4*n**2 - 7*n**2 + 33 + 4*n**2. What is the hundreds digit of i(13)?
3
Suppose -5*p = -2*h - 43071, -p = 5*h + 4254 - 12879. What is the tens digit of p?
1
Let s be 5/10*4*1. Let l be -4*35/30*(-3)/s. Let g(q) = -q**2 + 17*q - 6. What is the units digit of g(l)?
4
Let p be (-40)/4 + (4 - 1). Let a be (6/p)/(1/(-7)). Suppose a*o - 264 = -0*o. What is the tens digit of o?
4
Let b = 44984 - 21818. What is the thousands digit of b?
3
Let u = -3165 - -4764. Suppose -8*s - 5*s = u. Let z = s - -208. What is the tens digit of z?
8
Let p = 1904 + 975. What is the hundreds digit of p?
8
Suppose 2*z + 2*p - 26292 = 10606, p = 3*z - 55351. What is the tens digit of z?
5
Let q be 7/((-35)/(-10)) - -181. Suppose d = 4*d - q. Suppose -4*w + 49 = k, k = 4*w - 2*w + d. What is the tens digit of k?
5
Let l(u) = u**2 - 5*u - 14. Let q be l(7). Suppose -12 = 2*w - q*w + 2*m, -4*m = -3*w - 18. What is the tens digit of 3/(63/w) + (-237)/(-21)?
1
Let p(m) be the second derivative of m**5/20 - m**4/2 + 5*m**3/6 + 7*m**2 + 21*m. Let g be p(6). Let q = 64 - g. What is the units digit of q?
0
Suppose 5*g - 4*k + 2299 = 338, -4*g - 2*k = 1574. Let m = 738 + g. Suppose -3*j = -15, -5*i = 4*j - 2*j - m. What is the tens digit of i?
6
Let h(n) = -6*n - 11. Let i be h(-31). What is the units digit of i/(5 + 0)*(-36)/(-14)?
0
Let w be 19/((-171)/14616) - 1/1. Let k = 2526 + w. What is the tens digit of k?
0
Suppose -4*s - 190 = -5*n - 9*s, 158 = 4*n + 2*s. Suppose 0 = -3*g - 5*b + 383, 377 = 3*g - 4*b - 24. Let u = g - n. What is the tens digit of u?
9
Let v be (4 - (-56)/(-16))*(1 + 3009). Suppose -11*a + v + 882 = 0. What is the hundreds digit of a?
2
Suppose -2*v + 2 = 0, 0 = -b - 11*v + 14*v + 4660. What is the units digit of b?
3
Suppose -3*v = g - 11, -2*v - v - 9 = -3*g. Suppose 5*o - 4*o + 4*m = 703, g*o - 3465 = 5*m. What is the tens digit of o?
9
Suppose -3*d - 248*f = -243*f - 44088, 0 = -2*d - 2*f + 29388. What is the tens digit of d?
9
Let n = -261 - -536. Suppose -n - 3066 = -13*z. What is the tens digit of z?
5
Suppose 10*y = 43677 + 10333. What is the units digit of y?
1
Let a(y) be the third derivative of 21*y**5/20 + 2*y**4/3 - 5*y**3/6 + 129*y**2. What is the hundreds digit of a(4)?
0
Let h = 6635 + -1595. Suppose -10*s = -82 - 104 - 84. What is the hundreds digit of (-1)/(-3) + h/s?
1
What is the thousands digit of 4544/(-12)*(-291)/2?
5
Let d(j) = -j**3 + 7*j**2 - 6*j + 3. Let u be d(6). What is the tens digit of (-8)/96*u*-444?
1
Suppose 1066*o = 953*o + 6313988. What is the hundreds digit of o?
8
Suppose -5*i = 3*r + 272, 4*i - 2*i = -2*r - 188. Let u = 106 + r. Suppose -4*x - u*x + 2409 = 0. What is the units digit of x?
9
Suppose 5*a = -15 + 10, -3*a = -y + 513. Let z = y - 225. What is the hundreds digit of z?
2
What is the tens digit of 16 - -3136 - 340/(-17)?
7
Suppose -24*y + 12417 = -999. Let x = -377 + y. What is the units digit of x?
2
Suppose -22 = 5*d - 32. Suppose -3*w = d - 14. Suppose 0 = -w*g - 2*q - 0*q + 360, 265 = 3*g - q. What is the tens digit of g?
8
Suppose -146*w + 14407 + 2984 = -1297. What is the tens digit of w?
2
Let t = 7786 - 4968. What is the tens digit of t?
1
Let s = -18029 + 30948. What is the tens digit of s?
1
Let x be ((-2)/6)/((-4)/(-12)) - -2289. Let v = -3314 + x. What is the units digit of 18/45 + v/(-10)?
3
Let l(h) = 30*h + 3. Let k(g) = 30*g + 4. Let u(r) = -4*k(r) + 5*l(r). Suppose 5*z - 6 = 4. What is the units digit of u(z)?
9
Let q(h) = 2*h**3 + 7*h**2 + 5*h - 9. Let v be q(5). Suppose 15*c + v = 36*c. What is the units digit of c?
1
Let v = 559 - 289. Let t = -242 - -65. Let q = t + v. What is the tens digit of q?
9
Let r = -148 - -118. Let j = r - -42. Suppose -9*t - 651 = -j*t. What is the tens digit of t?
1
Suppose -q + 3*q - 8 = -h, 3*q - 4*h = 23. Let k = q - -166. What is the units digit of k?
1
Let g = -674 - -674. Suppose g = -5*f + 3*s + 4207, 4*s - 72 + 1752 = 2*f. What is the units digit of f?
2
Let t(h) = 0*h**3 - h - h + h**2 + 18*h**3 + 1. Let n = 1830 - 1828. What is the units digit of t(n)?
5
Let t(n) = 6*n**2 - 298*n - 1659. Let i(b) = b**2 - 60*b - 332. Let q(p) = 11*i(p) - 2*t(p). What is the tens digit of q(-48)?
3
Let f(v) = v**2 - 8*v - 21. Let z be f(-11). Let j = 201 - z. What is the tens digit of j?
1
Suppose 0 = -2*v - v - 27. Let p = v - -11. What is the tens digit of (-2)/p + 600/4?
4
Let h(b) = -183*b + 9. Let y be h(-14). Suppose -u - y - 3284 = -5*f, -f + 1180 = -2*u. What is the hundreds digit of f?
1
Suppose 0 = 2*h - 4*h + 38. Let u(b) = -4*b + 2. Let c be u(h). Let o = c - -130. What is the units digit of o?
6
Suppose 16 = -4*v + 3*z + 5, -2*v = z + 3. Let r be 63/3*v*(-2)/12. Let x(m) = 32*m - 29. What is the units digit of x(r)?
5
Suppose 4 = -3*a - 68. What is the hundreds digit of 3 - 1 - 2052/(a/8)?
6
Let y(f) = -8*f - 30. Let u be y(-5). Let v be (-7)/(-35) + (-2)/u. Suppose v = -o + 4*w + 201, -w = 5*o + 2*w - 1074. What is the tens digit of o?
1
Let t be 1567 + -2 + -2 - (0 + -2). Suppose 0 = 11*u - 5915 - t. What is the tens digit of u?
8
Let p be -6*(1 + (0 - 70)). Suppose -2*w = -2*a - p, w + 0*a - 225 = -5*a. What is the units digit of ((-6)/(-4))/(5/w)?
3
Suppose 2*h + 508 - 2376 = 0. Suppose -h = -4*d - 70. Suppose 0 = 8*t - 7*t - d. What is the hundreds digit of t?
2
Let z = -10039 + 50566. What is the units digit of z?
7
What is the hundreds digit of (10 + -13 - -1)/(4 - (-67740)/(-16934))?
4
Let h = -131 + 131. Suppose -4*n + 16 = h, -m + 4 = -4*m + n. Suppose -5*x - 2*v = v - 524, 2*v - 6 = m. What is the units digit of x?
3
What is